-3))/(c + -1)?
9
Suppose -6 = 2*b + 2*a, 4*a - 1 - 11 = 0. Let t = 21 - b. What is the units digit of t?
7
Suppose -9 + 49 = 4*x. What is the tens digit of x?
1
Suppose 4*f = 3*n + 2, -5*n + 4 = -2*f - 2. What is the units digit of n?
2
Let p = -70 - -98. Let q = p + -41. Let c = q + 24. What is the units digit of c?
1
Suppose -94 = -4*o + 6. What is the units digit of o?
5
Let u(h) = -11*h**3 - 5*h + 0 + 3*h - 1. Let q be u(-1). Suppose -4*x - q = -44. What is the units digit of x?
8
Let l = -23 + 50. What is the units digit of l?
7
Let b = 6 - -94. What is the hundreds digit of b?
1
Let p(w) = 3*w**2 - 5*w - 2. Let x be p(4). Suppose -4 - x = -5*g. What is the units digit of g?
6
Suppose 12 = 3*n + u - 60, 0 = -5*u. What is the tens digit of n?
2
Let k(r) = -r**3 - 5*r**2 - 5*r - 2. Suppose -4*o + 5 = -3*p, -4*p + 5*o + 2 - 9 = 0. Let c be k(p). Let y(t) = t**2 + 4*t - 4. What is the units digit of y(c)?
1
Let l(c) = -c**2 - 2*c**2 + 3*c**2 + 1 - c**2. Let d be l(1). Suppose 0 = -r - d*r - 5*a + 2, r - 11 = 4*a. What is the units digit of r?
7
Suppose 2*a - a - 17 = 0. What is the units digit of a?
7
Suppose -5*p = -3 - 2. Let o be (-10)/(-2) + -1*p. Suppose -b + o*b - 36 = 0. What is the units digit of b?
2
Let k = 5 - 1. Suppose -k*z = 2*x - 3*x - 5, z + 1 = x. Suppose r = -5*b - r + 2, -4*b = z*r. What is the units digit of b?
2
Let q(b) = 2 - 6*b**2 + 3 - b**3 + 0. What is the units digit of q(-6)?
5
Let w = 262 + -42. What is the tens digit of 3/(-9) + w/12?
1
Let z = 21 + -10. What is the units digit of z?
1
Let v = -14 + 14. Suppose -8 = 2*y - v, -4*u + 52 = 2*y. What is the tens digit of u?
1
What is the tens digit of (-526)/(-14) - (-9)/21?
3
Suppose 2*w + 11 = -9. Let l = w + 24. Suppose -n + 3*n = l. What is the units digit of n?
7
Suppose -4*l = 2*c - 70, 167 = 4*c - l - 0*l. What is the units digit of c?
1
Let f(q) = q**2 + 5*q + 6. Let g be f(6). Suppose 0 = -10*n + 5*n + 5*c + 45, 0 = -4*n - 5*c + g. What is the units digit of n?
3
Suppose 74 = g - 2*b, g = -3*g + 3*b + 316. What is the units digit of g?
2
Let b(k) be the second derivative of 1/3*k**3 - k - 5/2*k**2 + 0. What is the units digit of b(7)?
9
Suppose 5*p + 5*n = 45, -n + 2*n - 36 = -4*p. Suppose -b + 14 + p = -h, -2*h = 0. What is the units digit of b?
3
Suppose 2 = -4*c - p, -2 = -c + 3*p + 4. Suppose c = 5*l + 5*i - 70, 5*l + i = 52 + 6. Let f = -2 + l. What is the units digit of f?
9
Suppose 0*d + 3*d - 246 = 0. Let r be 10/(-25) - d/(-5). Let g = -5 + r. What is the tens digit of g?
1
Let o(s) = -s**3 - 6*s**2 - 5*s + 7. What is the units digit of o(-6)?
7
Let j = 49 + -25. Suppose 3*w - 5*w + j = 5*k, -k = -5*w + 114. Let g = w - 13. What is the units digit of g?
9
Let n(d) = -d**2 + 8*d + 5. Let x be n(9). Let v(j) = -j**2 + 2*j + 6. Let i be v(x). What is the units digit of i/(-4)*10/15?
3
Let w(o) = -o**2 - 10*o - 11. Let l be w(-9). Let d = l + 8. Suppose a - 17 = 5*z - d*z, -a - 2*z = -13. What is the units digit of a?
1
Let q(j) = -j**2 - 17*j - 5. What is the units digit of q(-14)?
7
Suppose 3*u = -0*m + 2*m + 269, -3*m - 270 = -3*u. What is the tens digit of u?
8
Let s(p) = -p - 7. Let c be s(-9). Suppose 5*k - 6 = c*k. Suppose 4*z + k*y - 2 = -0, -2*z + 19 = -5*y. What is the units digit of z?
2
Let i(a) = 10*a + 5 + 0*a**3 - a**3 - 2*a**2 - 5*a. Let w be i(-4). Suppose 0 = l + 2*l + 3*j + 3, 4*l - w = 3*j. What is the units digit of l?
2
Let p = -46 - -81. What is the tens digit of p?
3
Let l = 79 + 43. What is the hundreds digit of l?
1
Let i = 215 + -88. What is the tens digit of i?
2
Suppose 2*z = -z + 18. Suppose -n + 15 = -z*n. Let i(l) = -l**3 - 2*l**2 - 3*l - 3. What is the units digit of i(n)?
5
Let n be (-9)/(6/(-2)) - 1. Suppose 3*k = z + 3 - 48, -4*z + n*k + 190 = 0. What is the units digit of ((-6)/(-4))/(9/z)?
8
Let o = -28 + 16. Let x = 23 + o. What is the units digit of x?
1
Let y = 2 + 0. What is the units digit of y - (-1 + (-19 - -2))?
0
What is the units digit of (125 - 2)/(4/(0 + 4))?
3
Suppose f = -2*d - 2*d + 39, -2*f + 34 = -3*d. What is the units digit of f?
3
Let u(r) = 3*r**3 - 3*r**3 - 8*r**2 + r**3 - r**2 + 10 - r. What is the units digit of u(9)?
1
Let p be (2/5)/(2/30). Suppose -p*d = -3*d - 45. What is the units digit of d?
5
Let p = -22 + 36. What is the tens digit of p?
1
Suppose -z = 2*n + 1 - 4, -4*z - 4*n + 8 = 0. Let k(b) = 13*b - 1. What is the units digit of k(z)?
2
Suppose 3*d - 97 + 31 = 0. Suppose -5*b - 5*c + 30 = -0*c, c = 3*b - d. Let t(x) = x**2 - 6*x - 4. What is the units digit of t(b)?
3
Suppose -z + 6 = 2*z. Suppose -2*v + 24 = -v - 3*p, -z*p - 94 = -5*v. What is the units digit of v?
8
Let t(x) = x**3 - 12*x**2 + 9*x + 27. What is the units digit of t(11)?
5
Let p(b) = -4*b**3 + b**2 + 11. Let h(k) = -7*k**3 + 2*k**2 + 23. Let i(c) = 3*h(c) - 5*p(c). Let m be (-2)/(-8) + (-1)/4. What is the units digit of i(m)?
4
Suppose f - 7 = -3. Suppose x + f*k = 2, 8*x = 3*x + 4*k + 82. What is the units digit of x?
4
Let s = -430 + 626. What is the tens digit of s?
9
Suppose -6*j + 4*j = -58. What is the units digit of j?
9
Suppose 0*c - 12 = -4*c. Suppose -10 = -c*f - 2*f. What is the units digit of f?
2
Let w(v) = v**3 + 9*v**2 - 9*v + 13. Let k be w(-10). Suppose -5*j = -3*h - 8, k*j + 0*h = h + 4. What is the units digit of j?
1
Suppose -33 = r - 96. Suppose -2*i + r = 5. What is the units digit of i?
9
Let g = -11 + 7. Let p(n) = n**2 + 5. Let a be p(0). Let f = g + a. What is the units digit of f?
1
Suppose -36 = -4*f - i, -21 + 49 = 2*f + 3*i. What is the units digit of f?
8
Let a(b) be the third derivative of b**6/120 + 3*b**5/20 - b**4/2 - 4*b**3/3 + b**2. What is the units digit of a(-10)?
2
Suppose 0 = 3*u - q + 6*q - 32, 0 = 5*u - 2*q - 43. What is the units digit of u?
9
Let x be 5 + 6/(-2) - 2. Let w be (x/(-3) - -1)*3. Suppose 36 = w*k - 9. What is the units digit of k?
5
Let r(c) = -3*c - 17. Let t(z) = 3*z + 17. Let g(l) = -5*r(l) - 6*t(l). What is the units digit of g(-7)?
4
Suppose 20 = 5*q - 5*o, -6*q = -q + 4*o - 11. Suppose 3*h - 15 = -q. Suppose 1 = -w + b + 4, -3*w + h*b = -4. What is the units digit of w?
8
Let c be (-2)/(-6) + 20/3. Suppose 32 = 5*k + c. Let h = 7 - k. What is the units digit of h?
2
Suppose -6 = -y - 1. Let a = -7 + -3. What is the units digit of 2/y + (-26)/a?
3
Let z be 6/(-4)*4/6*0. Let v(g) be the second derivative of -g**3/6 + g**2/2 - g. What is the units digit of v(z)?
1
Let c = -26 + 56. Let k = -17 + c. What is the tens digit of k?
1
Suppose -h = -0*h + 3. Let u = 0 - h. Suppose -u*o + 48 = o. What is the units digit of o?
2
Let d = -66 + 174. What is the units digit of (-2)/(2 + d/(-51))?
7
Let k = -8 - -12. Let s(y) = -6 + 10 + k + y. What is the units digit of s(-6)?
2
What is the hundreds digit of ((-1)/3)/(1/(-969))?
3
Let b(w) be the second derivative of w**3/2 - w**2/2 - 2*w. Let j be b(3). Suppose -k + 4*d + 8 = 0, 0*d - j = -k + d. What is the units digit of k?
8
Let k(z) = -4*z**3 - 10*z**2 + z - 4. Let n(i) = -2*i**3 - 5*i**2 - 2. Let x(j) = 3*k(j) - 5*n(j). What is the tens digit of x(-4)?
3
Let h = -9 - -20. What is the units digit of h?
1
Let w(y) = y - 8. Let u be w(-8). Let n = u - -23. What is the units digit of n?
7
Let a(t) = -2*t**3 - 6*t**2 + 3*t + 9. What is the units digit of a(-5)?
4
Let m(d) = -d**2 - 23*d - 14. What is the units digit of m(-14)?
2
Let f(y) be the third derivative of -y**4/12 - y**3/6 - 17*y**2. Let t(h) = -h**2 + 5*h + 2. Let m be t(6). What is the units digit of f(m)?
7
Let d(o) = -19*o - 21. What is the units digit of d(-6)?
3
Let n = 15 + -11. Suppose n*l - 4*k = -8*k + 92, -5*l + 136 = -2*k. What is the units digit of l?
6
What is the tens digit of (-73 - 3)*(-13)/4?
4
What is the units digit of (1 - 0)/(15/90)?
6
Suppose j - 3 = 1. Suppose 25 = -j*v + 81. What is the tens digit of v?
1
Let c = -14 - -28. Let a = 8 - c. Let v = a + 10. What is the units digit of v?
4
Suppose m = 7*m - 390. What is the tens digit of m?
6
Let f = -9 - -195. What is the units digit of f?
6
Let m = -58 - -117. What is the units digit of m?
9
Let d(o) = -2*o - 2. Let n be d(-6). Let k = n - 9. What is the units digit of 0 + k + 2 - 0?
3
Suppose 4*u - 2*w - 8 = -6*w, -2 = -u - 4*w. Suppose -u*n + 20 = 4*l, 3*l + 6*n - 21 = 3*n. W